{"version":"1.0","provider_name":"Nacho Olmedo Manich","provider_url":"https:\/\/en-cordes.com","author_name":"admin3544","author_url":"https:\/\/en-cordes.com\/index.php\/author\/admin3544\/","title":"Faire la trace - Nacho Olmedo Manich","type":"rich","width":600,"height":338,"html":"<blockquote class=\"wp-embedded-content\" data-secret=\"qQNarHiuti\"><a href=\"https:\/\/en-cordes.com\/index.php\/faire-la-trace\/\">Faire la trace<\/a><\/blockquote><iframe sandbox=\"allow-scripts\" security=\"restricted\" src=\"https:\/\/en-cordes.com\/index.php\/faire-la-trace\/embed\/#?secret=qQNarHiuti\" width=\"600\" height=\"338\" title=\"\u00ab\u00a0Faire la trace\u00a0\u00bb &#8212; Nacho Olmedo Manich\" data-secret=\"qQNarHiuti\" frameborder=\"0\" marginwidth=\"0\" marginheight=\"0\" scrolling=\"no\" class=\"wp-embedded-content\"><\/iframe><script type=\"text\/javascript\">\n\/* <![CDATA[ *\/\n\/*! This file is auto-generated *\/\n!function(d,l){\"use strict\";l.querySelector&&d.addEventListener&&\"undefined\"!=typeof URL&&(d.wp=d.wp||{},d.wp.receiveEmbedMessage||(d.wp.receiveEmbedMessage=function(e){var t=e.data;if((t||t.secret||t.message||t.value)&&!\/[^a-zA-Z0-9]\/.test(t.secret)){for(var s,r,n,a=l.querySelectorAll('iframe[data-secret=\"'+t.secret+'\"]'),o=l.querySelectorAll('blockquote[data-secret=\"'+t.secret+'\"]'),c=new RegExp(\"^https?:$\",\"i\"),i=0;i<o.length;i++)o[i].style.display=\"none\";for(i=0;i<a.length;i++)s=a[i],e.source===s.contentWindow&&(s.removeAttribute(\"style\"),\"height\"===t.message?(1e3<(r=parseInt(t.value,10))?r=1e3:~~r<200&&(r=200),s.height=r):\"link\"===t.message&&(r=new URL(s.getAttribute(\"src\")),n=new URL(t.value),c.test(n.protocol))&&n.host===r.host&&l.activeElement===s&&(d.top.location.href=t.value))}},d.addEventListener(\"message\",d.wp.receiveEmbedMessage,!1),l.addEventListener(\"DOMContentLoaded\",function(){for(var e,t,s=l.querySelectorAll(\"iframe.wp-embedded-content\"),r=0;r<s.length;r++)(t=(e=s[r]).getAttribute(\"data-secret\"))||(t=Math.random().toString(36).substring(2,12),e.src+=\"#?secret=\"+t,e.setAttribute(\"data-secret\",t)),e.contentWindow.postMessage({message:\"ready\",secret:t},\"*\")},!1)))}(window,document);\n\/\/# sourceURL=https:\/\/en-cordes.com\/wp-includes\/js\/wp-embed.min.js\n\/* ]]> *\/\n<\/script>\n","description":"Formation: Faire la trace Introduction \u00ab\u00a0Faire la trace\u00a0\u00bb est une formation faisant partie du programme de formation de l&rsquo;ANENA. Cette formation est destin\u00e9e aux skieurs et snowboardeurs hors piste et randonn\u00e9e voulant maitriser les diff\u00e9rents aspects de la gestion du risque en montagne hivernale de forme autonome. Les participants approfondiront dans la preparation et conduite [&hellip;]","thumbnail_url":"https:\/\/en-cordes.com\/wp-content\/uploads\/2025\/09\/WhatsApp-Image-2025-02-23-at-18.05.29.jpeg","thumbnail_width":1599,"thumbnail_height":1200}

Formation: Faire la trace Introduction « Faire la trace » est une formation faisant partie du programme de formation de l&rsquo;ANENA. Cette formation est destinée aux skieurs et snowboardeurs hors piste et randonnée voulant maitriser les différents aspects de la gestion du risque en montagne hivernale de forme autonome. Les participants approfondiront dans la preparation et conduite [&hellip;]
