{"id":305,"date":"2021-03-22T16:14:07","date_gmt":"2021-03-22T15:14:07","guid":{"rendered":"http:\/\/n-cordes.com\/?page_id=305"},"modified":"2022-03-30T07:56:27","modified_gmt":"2022-03-30T05:56:27","slug":"nacho-espanol","status":"publish","type":"page","link":"https:\/\/en-cordes.com\/index.php\/nacho-espanol\/","title":{"rendered":"Nacho (espa\u00f1ol)"},"content":{"rendered":"\n<h1 class=\"has-text-align-center wp-block-heading\">Nacho Olmedo Manich<\/h1>\n\n\n\n<h2 class=\"has-text-align-center wp-block-heading\">Gu\u00eda de Alta Monta\u00f1a en los Alpes<\/h2>\n\n\n\n<div class=\"wp-block-cover is-light\"><span aria-hidden=\"true\" class=\"has-background-dim-10 wp-block-cover__gradient-background has-background-dim\"><\/span><img loading=\"lazy\" decoding=\"async\" width=\"2560\" height=\"1707\" class=\"wp-block-cover__image-background wp-image-777\" alt=\"\" src=\"https:\/\/en-cordes.com\/wp-content\/uploads\/2022\/03\/Sans-titrenn-scaled.jpg\" data-object-fit=\"cover\" srcset=\"https:\/\/en-cordes.com\/wp-content\/uploads\/2022\/03\/Sans-titrenn-scaled.jpg 2560w, https:\/\/en-cordes.com\/wp-content\/uploads\/2022\/03\/Sans-titrenn-scaled-600x400.jpg 600w, https:\/\/en-cordes.com\/wp-content\/uploads\/2022\/03\/Sans-titrenn-300x200.jpg 300w, https:\/\/en-cordes.com\/wp-content\/uploads\/2022\/03\/Sans-titrenn-1024x683.jpg 1024w, https:\/\/en-cordes.com\/wp-content\/uploads\/2022\/03\/Sans-titrenn-768x512.jpg 768w, https:\/\/en-cordes.com\/wp-content\/uploads\/2022\/03\/Sans-titrenn-1536x1024.jpg 1536w, https:\/\/en-cordes.com\/wp-content\/uploads\/2022\/03\/Sans-titrenn-2048x1365.jpg 2048w\" sizes=\"auto, (max-width: 2560px) 100vw, 2560px\" \/><div class=\"wp-block-cover__inner-container is-layout-flow wp-block-cover-is-layout-flow\">\n<p class=\"has-text-align-center has-large-font-size\"><\/p>\n<\/div><\/div>\n\n\n\n<div style=\"height:100px\" aria-hidden=\"true\" class=\"wp-block-spacer\"><\/div>\n\n\n\n<div class=\"wp-block-group is-layout-flow wp-block-group-is-layout-flow\">\n<div class=\"wp-block-columns are-vertically-aligned-center is-layout-flex wp-container-core-columns-is-layout-28f84493 wp-block-columns-is-layout-flex\">\n<div class=\"wp-block-column is-layout-flow wp-block-column-is-layout-flow\" style=\"flex-basis:9.4%\">\n<div style=\"height:100px\" aria-hidden=\"true\" class=\"wp-block-spacer\"><\/div>\n<\/div>\n\n\n\n<div class=\"wp-block-column is-vertically-aligned-center is-layout-flow wp-block-column-is-layout-flow\" style=\"flex-basis:40.1%\">\n<p class=\"has-text-align-left\">Me inici\u00e9 en el esqu\u00cd a los tres a\u00f1os en los Pirineos, y en la adolescencia empec\u00e9 a competir en Freeride. Entre viajes y competiciones descubr\u00ed macizos esquiables alrededor del mundo; Siberia, Sud-Am\u00e9rica, Caucaso, Alaska&#8230; Gracias al esqu\u00ed me introduzco en el mundo de la alta monta\u00f1a y los esquis dan paso a piolets, crampones, fisureros y pies de gato.<\/p>\n<\/div>\n\n\n\n<div class=\"wp-block-column is-vertically-aligned-center is-layout-flow wp-block-column-is-layout-flow\" style=\"flex-basis:38.4%\">\n<div class=\"wp-block-image\"><figure class=\"aligncenter size-full is-resized\"><img loading=\"lazy\" decoding=\"async\" src=\"http:\/\/n-cordes.com\/wp-content\/uploads\/2021\/03\/JMT_20110715_553-edited-scaled.jpg\" alt=\"\" class=\"wp-image-194\" width=\"381\" height=\"381\" srcset=\"https:\/\/en-cordes.com\/wp-content\/uploads\/2021\/03\/JMT_20110715_553-edited-scaled.jpg 2560w, https:\/\/en-cordes.com\/wp-content\/uploads\/2021\/03\/JMT_20110715_553-edited-300x300.jpg 300w, https:\/\/en-cordes.com\/wp-content\/uploads\/2021\/03\/JMT_20110715_553-edited-scaled-100x100.jpg 100w, https:\/\/en-cordes.com\/wp-content\/uploads\/2021\/03\/JMT_20110715_553-edited-scaled-600x600.jpg 600w, https:\/\/en-cordes.com\/wp-content\/uploads\/2021\/03\/JMT_20110715_553-edited-1024x1024.jpg 1024w, https:\/\/en-cordes.com\/wp-content\/uploads\/2021\/03\/JMT_20110715_553-edited-150x150.jpg 150w, https:\/\/en-cordes.com\/wp-content\/uploads\/2021\/03\/JMT_20110715_553-edited-768x768.jpg 768w, https:\/\/en-cordes.com\/wp-content\/uploads\/2021\/03\/JMT_20110715_553-edited-1536x1536.jpg 1536w, https:\/\/en-cordes.com\/wp-content\/uploads\/2021\/03\/JMT_20110715_553-edited-2048x2048.jpg 2048w\" sizes=\"auto, (max-width: 381px) 100vw, 381px\" \/><\/figure><\/div>\n<\/div>\n\n\n\n<div class=\"wp-block-column is-layout-flow wp-block-column-is-layout-flow\" style=\"flex-basis:11.1%\">\n<div style=\"height:89px\" aria-hidden=\"true\" class=\"wp-block-spacer\"><\/div>\n<\/div>\n<\/div>\n<\/div>\n\n\n\n<div class=\"wp-block-columns is-layout-flex wp-container-core-columns-is-layout-28f84493 wp-block-columns-is-layout-flex\">\n<div class=\"wp-block-column is-layout-flow wp-block-column-is-layout-flow\" style=\"flex-basis:11.1%\">\n<div style=\"height:100px\" aria-hidden=\"true\" class=\"wp-block-spacer\"><\/div>\n\n\n\n<p><\/p>\n<\/div>\n\n\n\n<div class=\"wp-block-column is-layout-flow wp-block-column-is-layout-flow\" style=\"flex-basis:40.1%\">\n<div class=\"wp-block-image\"><figure class=\"aligncenter size-large is-resized\"><img loading=\"lazy\" decoding=\"async\" src=\"http:\/\/n-cordes.com\/wp-content\/uploads\/2021\/03\/2021-03-04_022_Ski-Albaron-02967-Copyright-Clement-GARAFFA-1-edited-scaled.jpg\" alt=\"\" class=\"wp-image-179\" width=\"369\" height=\"369\" srcset=\"https:\/\/en-cordes.com\/wp-content\/uploads\/2021\/03\/2021-03-04_022_Ski-Albaron-02967-Copyright-Clement-GARAFFA-1-edited-scaled.jpg 2560w, https:\/\/en-cordes.com\/wp-content\/uploads\/2021\/03\/2021-03-04_022_Ski-Albaron-02967-Copyright-Clement-GARAFFA-1-edited-300x300.jpg 300w, https:\/\/en-cordes.com\/wp-content\/uploads\/2021\/03\/2021-03-04_022_Ski-Albaron-02967-Copyright-Clement-GARAFFA-1-edited-scaled-100x100.jpg 100w, https:\/\/en-cordes.com\/wp-content\/uploads\/2021\/03\/2021-03-04_022_Ski-Albaron-02967-Copyright-Clement-GARAFFA-1-edited-scaled-600x600.jpg 600w, https:\/\/en-cordes.com\/wp-content\/uploads\/2021\/03\/2021-03-04_022_Ski-Albaron-02967-Copyright-Clement-GARAFFA-1-edited-1024x1024.jpg 1024w, https:\/\/en-cordes.com\/wp-content\/uploads\/2021\/03\/2021-03-04_022_Ski-Albaron-02967-Copyright-Clement-GARAFFA-1-edited-150x150.jpg 150w, https:\/\/en-cordes.com\/wp-content\/uploads\/2021\/03\/2021-03-04_022_Ski-Albaron-02967-Copyright-Clement-GARAFFA-1-edited-768x768.jpg 768w, https:\/\/en-cordes.com\/wp-content\/uploads\/2021\/03\/2021-03-04_022_Ski-Albaron-02967-Copyright-Clement-GARAFFA-1-edited-1536x1536.jpg 1536w, https:\/\/en-cordes.com\/wp-content\/uploads\/2021\/03\/2021-03-04_022_Ski-Albaron-02967-Copyright-Clement-GARAFFA-1-edited-2048x2048.jpg 2048w\" sizes=\"auto, (max-width: 369px) 100vw, 369px\" \/><\/figure><\/div>\n<\/div>\n\n\n\n<div class=\"wp-block-column is-layout-flow wp-block-column-is-layout-flow\" style=\"flex-basis:40.1%\">\n<div style=\"height:20px\" aria-hidden=\"true\" class=\"wp-block-spacer\"><\/div>\n\n\n\n<p>En 2010 dejo mi tierra natal para vivir mi sue\u00f1o alpino. Me instalo en Grenoble para acabar mis estudios de ingenier\u00eda y poder estudiar la nieve y las avalanchas. Poco despu\u00e9s comienzo una tesis doctoral en el \u00e1mbito de los riesgos naturales que acabo en 2015. Desde entonces mi actividad profesional se centra en los sistemas de protecci\u00f3n contra los riesgos naturales en monta\u00f1a. <\/p>\n\n\n\n<p>Asimismo, colaboro como profesor para la Asociaci\u00f3n para el Conocimiento de la Nieve y las Avalanchas (<a href=\"https:\/\/www.acna.cat\">ACNA<\/a>) en el Pirineo. Es ah\u00ed en donde descubro la pasi\u00f3n de guiar y transmitir mis conocimientos sobre el medio.<\/p>\n<\/div>\n\n\n\n<div class=\"wp-block-column is-layout-flow wp-block-column-is-layout-flow\" style=\"flex-basis:11.1%\">\n<div style=\"height:100px\" aria-hidden=\"true\" class=\"wp-block-spacer\"><\/div>\n<\/div>\n<\/div>\n\n\n\n<div class=\"wp-block-columns is-layout-flex wp-container-core-columns-is-layout-28f84493 wp-block-columns-is-layout-flex\">\n<div class=\"wp-block-column is-layout-flow wp-block-column-is-layout-flow\" style=\"flex-basis:11.1%\">\n<div style=\"height:100px\" aria-hidden=\"true\" class=\"wp-block-spacer\"><\/div>\n\n\n\n<p> <\/p>\n<\/div>\n\n\n\n<div class=\"wp-block-column is-layout-flow wp-block-column-is-layout-flow\" style=\"flex-basis:40.1%\">\n<div style=\"height:91px\" aria-hidden=\"true\" class=\"wp-block-spacer\"><\/div>\n\n\n\n<p class=\"has-text-align-left\">En 2020 otro sue\u00f1o se materializa y despu\u00e9s de unas pruebas de acceso exigentes, consigo entrar en la reconocida escuela francesa de gu\u00edas: \u00ab\u00a0Ecole Nationale de Ski et Alpinisme\u00a0\u00bb (ENSA)  en Chamonix (Alpes Franceses). <\/p>\n\n\n\n<p class=\"has-text-align-left\"><\/p>\n<\/div>\n\n\n\n<div class=\"wp-block-column is-layout-flow wp-block-column-is-layout-flow\" style=\"flex-basis:40.1%\">\n<div class=\"wp-block-image is-style-default\"><figure class=\"aligncenter size-full is-resized\"><img loading=\"lazy\" decoding=\"async\" src=\"http:\/\/n-cordes.com\/wp-content\/uploads\/2021\/03\/2021-03-04_032_Ski-Albaron-03028-Copyright-Clement-GARAFFA-1-edited-1-scaled.jpg\" alt=\"\" class=\"wp-image-126\" width=\"381\" height=\"382\" srcset=\"https:\/\/en-cordes.com\/wp-content\/uploads\/2021\/03\/2021-03-04_032_Ski-Albaron-03028-Copyright-Clement-GARAFFA-1-edited-1-scaled.jpg 2554w, https:\/\/en-cordes.com\/wp-content\/uploads\/2021\/03\/2021-03-04_032_Ski-Albaron-03028-Copyright-Clement-GARAFFA-1-edited-1-300x300.jpg 300w, https:\/\/en-cordes.com\/wp-content\/uploads\/2021\/03\/2021-03-04_032_Ski-Albaron-03028-Copyright-Clement-GARAFFA-1-edited-1-scaled-100x100.jpg 100w, https:\/\/en-cordes.com\/wp-content\/uploads\/2021\/03\/2021-03-04_032_Ski-Albaron-03028-Copyright-Clement-GARAFFA-1-edited-1-scaled-600x601.jpg 600w, https:\/\/en-cordes.com\/wp-content\/uploads\/2021\/03\/2021-03-04_032_Ski-Albaron-03028-Copyright-Clement-GARAFFA-1-edited-1-1022x1024.jpg 1022w, https:\/\/en-cordes.com\/wp-content\/uploads\/2021\/03\/2021-03-04_032_Ski-Albaron-03028-Copyright-Clement-GARAFFA-1-edited-1-150x150.jpg 150w, https:\/\/en-cordes.com\/wp-content\/uploads\/2021\/03\/2021-03-04_032_Ski-Albaron-03028-Copyright-Clement-GARAFFA-1-edited-1-768x770.jpg 768w, https:\/\/en-cordes.com\/wp-content\/uploads\/2021\/03\/2021-03-04_032_Ski-Albaron-03028-Copyright-Clement-GARAFFA-1-edited-1-1532x1536.jpg 1532w, https:\/\/en-cordes.com\/wp-content\/uploads\/2021\/03\/2021-03-04_032_Ski-Albaron-03028-Copyright-Clement-GARAFFA-1-edited-1-2043x2048.jpg 2043w\" sizes=\"auto, (max-width: 381px) 100vw, 381px\" \/><\/figure><\/div>\n<\/div>\n\n\n\n<div class=\"wp-block-column is-layout-flow wp-block-column-is-layout-flow\" style=\"flex-basis:11.1%\">\n<div style=\"height:100px\" aria-hidden=\"true\" class=\"wp-block-spacer\"><\/div>\n<\/div>\n<\/div>\n","protected":false},"excerpt":{"rendered":"<p>Nacho Olmedo Manich Gu\u00eda de Alta Monta\u00f1a en los Alpes Me inici\u00e9 en el esqu\u00cd a los tres a\u00f1os en los Pirineos, y en la adolescencia empec\u00e9 a competir en Freeride. Entre viajes y competiciones descubr\u00ed macizos esquiables alrededor del mundo; Siberia, Sud-Am\u00e9rica, Caucaso, Alaska&#8230; Gracias al esqu\u00ed me introduzco en el mundo de la [&hellip;]<\/p>\n","protected":false},"author":1,"featured_media":0,"parent":0,"menu_order":0,"comment_status":"closed","ping_status":"closed","template":"","meta":{"zakra_sidebar_layout":"contained","zakra_remove_content_margin":false,"zakra_sidebar":"customizer","zakra_transparent_header":"customizer","zakra_logo":0,"zakra_main_header_style":"default","zakra_menu_item_color":"","zakra_menu_item_hover_color":"#21647c","zakra_menu_item_active_color":"#346daa","zakra_menu_active_style":"","zakra_page_header":true,"_monsterinsights_skip_tracking":false,"_monsterinsights_sitenote_active":false,"_monsterinsights_sitenote_note":"","_monsterinsights_sitenote_category":0,"_joinchat":[],"footnotes":""},"class_list":["post-305","page","type-page","status-publish","hentry"],"yoast_head":"<!-- This site is optimized with the Yoast SEO plugin v27.0 - https:\/\/yoast.com\/product\/yoast-seo-wordpress\/ -->\n<title>Nacho (espa\u00f1ol) - Nacho Olmedo Manich<\/title>\n<meta name=\"robots\" content=\"index, follow, max-snippet:-1, max-image-preview:large, max-video-preview:-1\" \/>\n<link rel=\"canonical\" href=\"https:\/\/en-cordes.com\/index.php\/nacho-espanol\/\" \/>\n<meta property=\"og:locale\" content=\"fr_FR\" \/>\n<meta property=\"og:type\" content=\"article\" \/>\n<meta property=\"og:title\" content=\"Nacho (espa\u00f1ol) - Nacho Olmedo Manich\" \/>\n<meta property=\"og:description\" content=\"Nacho Olmedo Manich Gu\u00eda de Alta Monta\u00f1a en los Alpes Me inici\u00e9 en el esqu\u00cd a los tres a\u00f1os en los Pirineos, y en la adolescencia empec\u00e9 a competir en Freeride. Entre viajes y competiciones descubr\u00ed macizos esquiables alrededor del mundo; Siberia, Sud-Am\u00e9rica, Caucaso, Alaska&#8230; Gracias al esqu\u00ed me introduzco en el mundo de la [&hellip;]\" \/>\n<meta property=\"og:url\" content=\"https:\/\/en-cordes.com\/index.php\/nacho-espanol\/\" \/>\n<meta property=\"og:site_name\" content=\"Nacho Olmedo Manich\" \/>\n<meta property=\"article:modified_time\" content=\"2022-03-30T05:56:27+00:00\" \/>\n<meta property=\"og:image\" content=\"https:\/\/en-cordes.com\/wp-content\/uploads\/2022\/03\/Sans-titrenn-scaled.jpg\" \/>\n\t<meta property=\"og:image:width\" content=\"2560\" \/>\n\t<meta property=\"og:image:height\" content=\"1707\" \/>\n\t<meta property=\"og:image:type\" content=\"image\/jpeg\" \/>\n<meta name=\"twitter:card\" content=\"summary_large_image\" \/>\n<meta name=\"twitter:label1\" content=\"Dur\u00e9e de lecture estim\u00e9e\" \/>\n\t<meta name=\"twitter:data1\" content=\"1 minute\" \/>\n<script type=\"application\/ld+json\" class=\"yoast-schema-graph\">{\"@context\":\"https:\/\/schema.org\",\"@graph\":[{\"@type\":\"WebPage\",\"@id\":\"https:\/\/en-cordes.com\/index.php\/nacho-espanol\/\",\"url\":\"https:\/\/en-cordes.com\/index.php\/nacho-espanol\/\",\"name\":\"Nacho (espa\u00f1ol) - Nacho Olmedo Manich\",\"isPartOf\":{\"@id\":\"https:\/\/en-cordes.com\/#website\"},\"primaryImageOfPage\":{\"@id\":\"https:\/\/en-cordes.com\/index.php\/nacho-espanol\/#primaryimage\"},\"image\":{\"@id\":\"https:\/\/en-cordes.com\/index.php\/nacho-espanol\/#primaryimage\"},\"thumbnailUrl\":\"https:\/\/en-cordes.com\/wp-content\/uploads\/2022\/03\/Sans-titrenn-scaled.jpg\",\"datePublished\":\"2021-03-22T15:14:07+00:00\",\"dateModified\":\"2022-03-30T05:56:27+00:00\",\"breadcrumb\":{\"@id\":\"https:\/\/en-cordes.com\/index.php\/nacho-espanol\/#breadcrumb\"},\"inLanguage\":\"fr-FR\",\"potentialAction\":[{\"@type\":\"ReadAction\",\"target\":[\"https:\/\/en-cordes.com\/index.php\/nacho-espanol\/\"]}]},{\"@type\":\"ImageObject\",\"inLanguage\":\"fr-FR\",\"@id\":\"https:\/\/en-cordes.com\/index.php\/nacho-espanol\/#primaryimage\",\"url\":\"https:\/\/en-cordes.com\/wp-content\/uploads\/2022\/03\/Sans-titrenn-scaled.jpg\",\"contentUrl\":\"https:\/\/en-cordes.com\/wp-content\/uploads\/2022\/03\/Sans-titrenn-scaled.jpg\",\"width\":2560,\"height\":1707},{\"@type\":\"BreadcrumbList\",\"@id\":\"https:\/\/en-cordes.com\/index.php\/nacho-espanol\/#breadcrumb\",\"itemListElement\":[{\"@type\":\"ListItem\",\"position\":1,\"name\":\"Accueil\",\"item\":\"https:\/\/en-cordes.com\/\"},{\"@type\":\"ListItem\",\"position\":2,\"name\":\"Nacho (espa\u00f1ol)\"}]},{\"@type\":\"WebSite\",\"@id\":\"https:\/\/en-cordes.com\/#website\",\"url\":\"https:\/\/en-cordes.com\/\",\"name\":\"Nacho Olmedo Manich\",\"description\":\"Guide de Haute Montagne UIAGM\",\"publisher\":{\"@id\":\"https:\/\/en-cordes.com\/#organization\"},\"potentialAction\":[{\"@type\":\"SearchAction\",\"target\":{\"@type\":\"EntryPoint\",\"urlTemplate\":\"https:\/\/en-cordes.com\/?s={search_term_string}\"},\"query-input\":{\"@type\":\"PropertyValueSpecification\",\"valueRequired\":true,\"valueName\":\"search_term_string\"}}],\"inLanguage\":\"fr-FR\"},{\"@type\":\"Organization\",\"@id\":\"https:\/\/en-cordes.com\/#organization\",\"name\":\"Nacho Olmedo Manich\",\"url\":\"https:\/\/en-cordes.com\/\",\"logo\":{\"@type\":\"ImageObject\",\"inLanguage\":\"fr-FR\",\"@id\":\"https:\/\/en-cordes.com\/#\/schema\/logo\/image\/\",\"url\":\"https:\/\/en-cordes.com\/wp-content\/uploads\/2021\/09\/cropped-logo_white_2-1.png\",\"contentUrl\":\"https:\/\/en-cordes.com\/wp-content\/uploads\/2021\/09\/cropped-logo_white_2-1.png\",\"width\":1292,\"height\":1061,\"caption\":\"Nacho Olmedo Manich\"},\"image\":{\"@id\":\"https:\/\/en-cordes.com\/#\/schema\/logo\/image\/\"}}]}<\/script>\n<!-- \/ Yoast SEO plugin. -->","yoast_head_json":{"title":"Nacho (espa\u00f1ol) - Nacho Olmedo Manich","robots":{"index":"index","follow":"follow","max-snippet":"max-snippet:-1","max-image-preview":"max-image-preview:large","max-video-preview":"max-video-preview:-1"},"canonical":"https:\/\/en-cordes.com\/index.php\/nacho-espanol\/","og_locale":"fr_FR","og_type":"article","og_title":"Nacho (espa\u00f1ol) - Nacho Olmedo Manich","og_description":"Nacho Olmedo Manich Gu\u00eda de Alta Monta\u00f1a en los Alpes Me inici\u00e9 en el esqu\u00cd a los tres a\u00f1os en los Pirineos, y en la adolescencia empec\u00e9 a competir en Freeride. Entre viajes y competiciones descubr\u00ed macizos esquiables alrededor del mundo; Siberia, Sud-Am\u00e9rica, Caucaso, Alaska&#8230; Gracias al esqu\u00ed me introduzco en el mundo de la [&hellip;]","og_url":"https:\/\/en-cordes.com\/index.php\/nacho-espanol\/","og_site_name":"Nacho Olmedo Manich","article_modified_time":"2022-03-30T05:56:27+00:00","og_image":[{"width":2560,"height":1707,"url":"https:\/\/en-cordes.com\/wp-content\/uploads\/2022\/03\/Sans-titrenn-scaled.jpg","type":"image\/jpeg"}],"twitter_card":"summary_large_image","twitter_misc":{"Dur\u00e9e de lecture estim\u00e9e":"1 minute"},"schema":{"@context":"https:\/\/schema.org","@graph":[{"@type":"WebPage","@id":"https:\/\/en-cordes.com\/index.php\/nacho-espanol\/","url":"https:\/\/en-cordes.com\/index.php\/nacho-espanol\/","name":"Nacho (espa\u00f1ol) - Nacho Olmedo Manich","isPartOf":{"@id":"https:\/\/en-cordes.com\/#website"},"primaryImageOfPage":{"@id":"https:\/\/en-cordes.com\/index.php\/nacho-espanol\/#primaryimage"},"image":{"@id":"https:\/\/en-cordes.com\/index.php\/nacho-espanol\/#primaryimage"},"thumbnailUrl":"https:\/\/en-cordes.com\/wp-content\/uploads\/2022\/03\/Sans-titrenn-scaled.jpg","datePublished":"2021-03-22T15:14:07+00:00","dateModified":"2022-03-30T05:56:27+00:00","breadcrumb":{"@id":"https:\/\/en-cordes.com\/index.php\/nacho-espanol\/#breadcrumb"},"inLanguage":"fr-FR","potentialAction":[{"@type":"ReadAction","target":["https:\/\/en-cordes.com\/index.php\/nacho-espanol\/"]}]},{"@type":"ImageObject","inLanguage":"fr-FR","@id":"https:\/\/en-cordes.com\/index.php\/nacho-espanol\/#primaryimage","url":"https:\/\/en-cordes.com\/wp-content\/uploads\/2022\/03\/Sans-titrenn-scaled.jpg","contentUrl":"https:\/\/en-cordes.com\/wp-content\/uploads\/2022\/03\/Sans-titrenn-scaled.jpg","width":2560,"height":1707},{"@type":"BreadcrumbList","@id":"https:\/\/en-cordes.com\/index.php\/nacho-espanol\/#breadcrumb","itemListElement":[{"@type":"ListItem","position":1,"name":"Accueil","item":"https:\/\/en-cordes.com\/"},{"@type":"ListItem","position":2,"name":"Nacho (espa\u00f1ol)"}]},{"@type":"WebSite","@id":"https:\/\/en-cordes.com\/#website","url":"https:\/\/en-cordes.com\/","name":"Nacho Olmedo Manich","description":"Guide de Haute Montagne UIAGM","publisher":{"@id":"https:\/\/en-cordes.com\/#organization"},"potentialAction":[{"@type":"SearchAction","target":{"@type":"EntryPoint","urlTemplate":"https:\/\/en-cordes.com\/?s={search_term_string}"},"query-input":{"@type":"PropertyValueSpecification","valueRequired":true,"valueName":"search_term_string"}}],"inLanguage":"fr-FR"},{"@type":"Organization","@id":"https:\/\/en-cordes.com\/#organization","name":"Nacho Olmedo Manich","url":"https:\/\/en-cordes.com\/","logo":{"@type":"ImageObject","inLanguage":"fr-FR","@id":"https:\/\/en-cordes.com\/#\/schema\/logo\/image\/","url":"https:\/\/en-cordes.com\/wp-content\/uploads\/2021\/09\/cropped-logo_white_2-1.png","contentUrl":"https:\/\/en-cordes.com\/wp-content\/uploads\/2021\/09\/cropped-logo_white_2-1.png","width":1292,"height":1061,"caption":"Nacho Olmedo Manich"},"image":{"@id":"https:\/\/en-cordes.com\/#\/schema\/logo\/image\/"}}]}},"jetpack_sharing_enabled":true,"_links":{"self":[{"href":"https:\/\/en-cordes.com\/index.php\/wp-json\/wp\/v2\/pages\/305","targetHints":{"allow":["GET"]}}],"collection":[{"href":"https:\/\/en-cordes.com\/index.php\/wp-json\/wp\/v2\/pages"}],"about":[{"href":"https:\/\/en-cordes.com\/index.php\/wp-json\/wp\/v2\/types\/page"}],"author":[{"embeddable":true,"href":"https:\/\/en-cordes.com\/index.php\/wp-json\/wp\/v2\/users\/1"}],"replies":[{"embeddable":true,"href":"https:\/\/en-cordes.com\/index.php\/wp-json\/wp\/v2\/comments?post=305"}],"version-history":[{"count":11,"href":"https:\/\/en-cordes.com\/index.php\/wp-json\/wp\/v2\/pages\/305\/revisions"}],"predecessor-version":[{"id":781,"href":"https:\/\/en-cordes.com\/index.php\/wp-json\/wp\/v2\/pages\/305\/revisions\/781"}],"wp:attachment":[{"href":"https:\/\/en-cordes.com\/index.php\/wp-json\/wp\/v2\/media?parent=305"}],"curies":[{"name":"wp","href":"https:\/\/api.w.org\/{rel}","templated":true}]}}